{"id":2227,"date":"2026-05-19T05:02:16","date_gmt":"2026-05-19T04:02:16","guid":{"rendered":"https:\/\/odsherredloberne.dk\/?post_type=event&#038;p=2227"},"modified":"2026-06-09T05:15:54","modified_gmt":"2026-06-09T04:15:54","slug":"sejrsmiddag-3-2-3-3-2","status":"publish","type":"event","link":"https:\/\/odsherredloberne.dk\/?event=sejrsmiddag-3-2-3-3-2","title":{"rendered":"ODSHERRED STAFETTEN"},"content":{"rendered":"<h3>ODSHERRED STAFETTEN<\/h3>\n<p><strong>Onsdag d. 2. sep. Borren i H\u00f8jby<\/strong><\/p>\n<p><strong>Sammen med Asn\u00e6s LMK arrangere vi Odsherred Stafetten ved Borren i H\u00f8jby<\/strong><\/p>\n<p>&nbsp;<\/p>\n<h3><strong>\ud83d\ude4c<\/strong><strong> Bliv frivillig \u2013 v\u00e6r med bag kulisserne!<\/strong><\/h3>\n<p>Et motionsl\u00f8b bliver ikke skabt af sig selv \u2013 det bliver skabt af gode engageret ildsj\u00e6le \ud83d\udc99<\/p>\n<p>Til <strong>Odsherred Stafetten<\/strong> s\u00f8ger vi frivillige, der har lyst til at v\u00e6re en del af f\u00e6llesskabet og hj\u00e6lpe med at skabe en fantastisk oplevelse for deltagerne.<\/p>\n<p><strong>Vi har brug for 12 hj\u00e6lpere til:<\/strong><\/p>\n<p>\ud83c\udfc1 Ops\u00e6tning og nedtagning af Start- og m\u00e5l-omr\u00e5de<\/p>\n<p>\ud83e\udded Ops\u00e6tning og nedtagning af ruten<\/p>\n<p>\ud83d\udea9 Flagposter p\u00e5 ruten<\/p>\n<p>\ud83d\udc4d Alle hj\u00e6lpere deltager i nedtagning og oprydning, n\u00e5r sidste deltager er i m\u00e5l.<\/p>\n<p>\ud83d\ude01 Du beh\u00f8ver ikke erfaring, kun godt hum\u00f8r \u2013 Vi s\u00f8rger for instruktion og forplejning.<\/p>\n<p><strong>Som frivillig f\u00e5r du:<\/strong><br \/>\u2705 Et st\u00e6rkt f\u00e6llesskab<br \/>\u2705 En sjov og hyggelig dag<br \/>\u2705 Der er f\u00e6lles spisning bagefter i hallen, med l\u00e6kker buffet fra Super Brugsen i Asn\u00e6s.<br \/>\u2705 Oplevelsen af at v\u00e6re med til at skabe noget for andre<\/p>\n<p><strong>M\u00f8detid: Onsdag 02. september 2026 kl. 14:00 hvis du har mulighed for det, ellers senest 16:30 &#8211; Forventet sluttid ca. 21:30<\/strong><\/p>\n<h5><strong>M\u00f8dested: P\u00e5 pladsen foran Borren i H\u00f8jby<\/strong><\/h5>\n<p><strong>Tilmelding er n\u00f8dvendig\u2026<\/strong><\/p>\n<p><em>Er du en del af l\u00f8bsudvalget el. bestyrelsen, SKAL DU IKKE TILMELDE DIG HER<\/em><\/p>\n<p><strong> <a href=\"https:\/\/odsherredloberne.dk\/?page_id=540\" target=\"_blank\" rel=\"noopener\"><span style=\"color: #ff0000;\">Tilmelding som frivillige her<\/span><\/a><\/strong><\/p>\n<p>&nbsp;<\/p>\n<h4><strong>Opstartsm\u00f8de for frivillige hj\u00e6lpere bliver mandag d. 31.8. Kl. 18:45 i klubhuset<\/strong><\/h4>\n<h5><strong>Kom og v\u00e6r med til en hyggelig aften, hvor vi gennemg\u00e5r opgaver og praktiske detaljer inden l\u00f8bet.<\/strong><\/h5>\n<h5><strong>Her m\u00f8der du de \u00f8vrige frivillige, f\u00e5r svar p\u00e5 sp\u00f8rgsm\u00e5l, og bliver kl\u00e6dt godt p\u00e5 til l\u00f8bsdagen.<\/strong><\/h5>\n<h5 data-start=\"1294\" data-end=\"1336\"><strong>Vi byder selvf\u00f8lgelig p\u00e5 kaffe og kage \u2615\ud83c\udf70\u00a0 \u00a0Det plejer at skabe en god stemning allerede inden l\u00f8bsdagen. \ud83d\ude0a\ud83c\udfc3\u200d\u2640\ufe0f\ud83c\udfc3\u200d\u2642\ufe0f<\/strong><\/h5>\n<h5><strong>Info for dette m\u00f8de bliver udsendt p\u00e5 mail til alle tilmeldte&#8230;<\/strong><\/h5>\n<p>&nbsp;<\/p>\n<p><strong>HUSK ALLE FRIVILLIGE HJ\u00c6LPERE KOMMER GRATIS MED TIL SEJRSMIDDAGEN<\/strong><\/p>\n<p>&nbsp;<\/p>\n<p><strong>Sammen skaber vi Odsherred Stafetten! <\/strong><strong>\ud83c\udfc3<\/strong><\/p>\n<p>&nbsp;<\/p>\n<p><strong>L\u00e6s mere om Stafetten <a href=\"https:\/\/odsherredstafetten.wordpress.com\/\">Her<\/a><\/strong><\/p>\n<p><img loading=\"lazy\" class=\"alignnone  wp-image-1811\" src=\"http:\/\/odsherredloberne.dk\/wp-content\/uploads\/2022\/05\/Logo-Stafetten-300x125.png\" alt=\"\" width=\"528\" height=\"220\" srcset=\"https:\/\/odsherredloberne.dk\/wp-content\/uploads\/2022\/05\/Logo-Stafetten-300x125.png 300w, https:\/\/odsherredloberne.dk\/wp-content\/uploads\/2022\/05\/Logo-Stafetten.png 648w\" sizes=\"(max-width: 528px) 100vw, 528px\" \/><\/p>\n<p>&nbsp;<\/p>\n<p>&nbsp;<\/p>\n<p>&nbsp;<\/p>\n<p>&nbsp;<\/p>\n<p>&nbsp;<\/p>\n","protected":false},"excerpt":{"rendered":"<p>ODSHERRED STAFETTEN Onsdag d. 2. sep. Borren i H\u00f8jby Sammen med Asn\u00e6s LMK arrangere vi Odsherred Stafetten ved Borren i H\u00f8jby &nbsp; \ud83d\ude4c Bliv frivillig \u2013 v\u00e6r med bag kulisserne! Et motionsl\u00f8b bliver ikke skabt af sig selv \u2013 det &hellip; <a href=\"https:\/\/odsherredloberne.dk\/?event=sejrsmiddag-3-2-3-3-2\">Continued<\/a><\/p>\n","protected":false},"author":1,"featured_media":0,"comment_status":"open","ping_status":"closed","template":"","categories":[],"tags":[],"_links":{"self":[{"href":"https:\/\/odsherredloberne.dk\/index.php?rest_route=\/wp\/v2\/event\/2227"}],"collection":[{"href":"https:\/\/odsherredloberne.dk\/index.php?rest_route=\/wp\/v2\/event"}],"about":[{"href":"https:\/\/odsherredloberne.dk\/index.php?rest_route=\/wp\/v2\/types\/event"}],"author":[{"embeddable":true,"href":"https:\/\/odsherredloberne.dk\/index.php?rest_route=\/wp\/v2\/users\/1"}],"replies":[{"embeddable":true,"href":"https:\/\/odsherredloberne.dk\/index.php?rest_route=%2Fwp%2Fv2%2Fcomments&post=2227"}],"version-history":[{"count":7,"href":"https:\/\/odsherredloberne.dk\/index.php?rest_route=\/wp\/v2\/event\/2227\/revisions"}],"predecessor-version":[{"id":2237,"href":"https:\/\/odsherredloberne.dk\/index.php?rest_route=\/wp\/v2\/event\/2227\/revisions\/2237"}],"wp:attachment":[{"href":"https:\/\/odsherredloberne.dk\/index.php?rest_route=%2Fwp%2Fv2%2Fmedia&parent=2227"}],"wp:term":[{"taxonomy":"category","embeddable":true,"href":"https:\/\/odsherredloberne.dk\/index.php?rest_route=%2Fwp%2Fv2%2Fcategories&post=2227"},{"taxonomy":"post_tag","embeddable":true,"href":"https:\/\/odsherredloberne.dk\/index.php?rest_route=%2Fwp%2Fv2%2Ftags&post=2227"}],"curies":[{"name":"wp","href":"https:\/\/api.w.org\/{rel}","templated":true}]}}

<h3>ODSHERRED STAFETTEN</h3>
<p><strong>Onsdag d. 2. sep. Borren i Højby</strong></p>
<p><strong>Sammen med Asnæs LMK arrangere vi Odsherred Stafetten ved Borren i Højby</strong></p>
<p>&nbsp;</p>
<h3><strong>🙌</strong><strong> Bliv frivillig – vær med bag kulisserne!</strong></h3>
<p>Et motionsløb bliver ikke skabt af sig selv – det bliver skabt af gode engageret ildsjæle 💙</p>
<p>Til <strong>Odsherred Stafetten</strong> søger vi frivillige, der har lyst til at være en del af fællesskabet og hjælpe med at skabe en fantastisk oplevelse for deltagerne.</p>
<p><strong>Vi har brug for 12 hjælpere til:</strong></p>
<p>🏁 Opsætning og nedtagning af Start- og mål-område</p>
<p>🧭 Opsætning og nedtagning af ruten</p>
<p>🚩 Flagposter på ruten</p>
<p>👍 Alle hjælpere deltager i nedtagning og oprydning, når sidste deltager er i mål.</p>
<p>😁 Du behøver ikke erfaring, kun godt humør – Vi sørger for instruktion og forplejning.</p>
<p><strong>Som frivillig får du:</strong><br />✅ Et stærkt fællesskab<br />✅ En sjov og hyggelig dag<br />✅ Der er fælles spisning bagefter i hallen, med lækker buffet fra Super Brugsen i Asnæs.<br />✅ Oplevelsen af at være med til at skabe noget for andre</p>
<p><strong>Mødetid: Onsdag 02. september 2026 kl. 14:00 hvis du har mulighed for det, ellers senest 16:30 &#8211; Forventet sluttid ca. 21:30</strong></p>
<h5><strong>Mødested: På pladsen foran Borren i Højby</strong></h5>
<p><strong>Tilmelding er nødvendig…</strong></p>
<p><em>Er du en del af løbsudvalget el. bestyrelsen, SKAL DU IKKE TILMELDE DIG HER</em></p>
<p><strong> <a href="https://odsherredloberne.dk/?page_id=540" target="_blank" rel="noopener"><span style="color: #ff0000;">Tilmelding som frivillige her</span></a></strong></p>
<p>&nbsp;</p>
<h4><strong>Opstartsmøde for frivillige hjælpere bliver mandag d. 31.8. Kl. 18:45 i klubhuset</strong></h4>
<h5><strong>Kom og vær med til en hyggelig aften, hvor vi gennemgår opgaver og praktiske detaljer inden løbet.</strong></h5>
<h5><strong>Her møder du de øvrige frivillige, får svar på spørgsmål, og bliver klædt godt på til løbsdagen.</strong></h5>
<h5 data-start="1294" data-end="1336"><strong>Vi byder selvfølgelig på kaffe og kage ☕🍰   Det plejer at skabe en god stemning allerede inden løbsdagen. 😊🏃‍♀️🏃‍♂️</strong></h5>
<h5><strong>Info for dette møde bliver udsendt på mail til alle tilmeldte&#8230;</strong></h5>
<p>&nbsp;</p>
<p><strong>HUSK ALLE FRIVILLIGE HJÆLPERE KOMMER GRATIS MED TIL SEJRSMIDDAGEN</strong></p>
<p>&nbsp;</p>
<p><strong>Sammen skaber vi Odsherred Stafetten! </strong><strong>🏃</strong></p>
<p>&nbsp;</p>
<p><strong>Læs mere om Stafetten <a href="https://odsherredstafetten.wordpress.com/">Her</a></strong></p>
<p><img loading="lazy" class="alignnone  wp-image-1811" src="http://odsherredloberne.dk/wp-content/uploads/2022/05/Logo-Stafetten-300x125.png" alt="" width="528" height="220" srcset="https://odsherredloberne.dk/wp-content/uploads/2022/05/Logo-Stafetten-300x125.png 300w, https://odsherredloberne.dk/wp-content/uploads/2022/05/Logo-Stafetten.png 648w" sizes="(max-width: 528px) 100vw, 528px" /></p>
<p>&nbsp;</p>
<p>&nbsp;</p>
<p>&nbsp;</p>
<p>&nbsp;</p>
<p>&nbsp;</p>

<p>ODSHERRED STAFETTEN Onsdag d. 2. sep. Borren i Højby Sammen med Asnæs LMK arrangere vi Odsherred Stafetten ved Borren i Højby &nbsp; 🙌 Bliv frivillig – vær med bag kulisserne! Et motionsløb bliver ikke skabt af sig selv – det &hellip; <a href="https://odsherredloberne.dk/?event=sejrsmiddag-3-2-3-3-2">Continued</a></p>
